{"id":3658,"date":"2019-10-01T16:26:48","date_gmt":"2019-10-01T19:26:48","guid":{"rendered":"https:\/\/degras.cl\/?page_id=3658"},"modified":"2020-08-28T12:21:04","modified_gmt":"2020-08-28T15:21:04","slug":"nuestra-historia","status":"publish","type":"page","link":"https:\/\/degras.cl\/?page_id=3658","title":{"rendered":"Nuestra Historia"},"content":{"rendered":"<p>[vc_row][vc_column width=&#8221;1\/2&#8243;][vc_custom_heading text=&#8221;Desde su llegada a Chile, hace m\u00e1s de un siglo, desde su nativa Barcelona Espa\u00f1a, la familia Gras ha estado trabajando para producir vinos de los mejores terroirs de Chile, con el objetivo de alegrar el coraz\u00f3n de las personas.<\/p>\n<p>Vi\u00f1a MontGras se estableci\u00f3 formalmente en 1993 con la experiencia acumulada de dos generaciones y el claro objetivo de expresar la visi\u00f3n y la pasi\u00f3n de la familia, ofreciendo vinos simplemente ricos, dise\u00f1ados para el disfrute.&#8221; font_container=&#8221;tag:h3|text_align:center|color:rgba(10%2C10%2C10%2C0.8)&#8221; google_fonts=&#8221;font_family:Belleza%3Aregular|font_style:400%20regular%3A400%3Anormal&#8221;][\/vc_column][vc_column width=&#8221;1\/2&#8243;][vc_single_image image=&#8221;3733&#8243; img_size=&#8221;1228&#215;720&#8243;][vc_column_text]<\/p>\n<p style=\"padding-left: 20px;\"><em><span style=\"color: #0000ff;\">Jos\u00e9 Gras F., Temuco, Chile. \u2013<\/span><\/em><em><span style=\"color: #0000ff;\">1950<\/span><\/em><\/p>\n<p>[\/vc_column_text][\/vc_column][\/vc_row][vc_row][vc_column][vc_empty_space height=&#8221;20px&#8221; css=&#8221;.vc_custom_1573675910127{margin-top: 20px !important;}&#8221;][vc_separator color=&#8221;blue&#8221; border_width=&#8221;2&#8243; el_width=&#8221;80&#8243;][vc_empty_space height=&#8221;40px&#8221; css=&#8221;.vc_custom_1573675564293{margin-top: 40px !important;}&#8221;][\/vc_column][\/vc_row][vc_row][vc_column]<div class=\"unero-banners-carousel \"><ul id=\"banners-carousel-69e00ee5b3cf2\"><li><img loading=\"lazy\" decoding=\"async\" width=\"530\" height=\"854\" src=\"https:\/\/degras.cl\/wp-content\/uploads\/2019\/07\/1910-Jose-Maria-Gras.png\" class=\"attachment-full size-full\" alt=\"\" srcset=\"https:\/\/degras.cl\/wp-content\/uploads\/2019\/07\/1910-Jose-Maria-Gras.png 530w, https:\/\/degras.cl\/wp-content\/uploads\/2019\/07\/1910-Jose-Maria-Gras-186x300.png 186w, https:\/\/degras.cl\/wp-content\/uploads\/2019\/07\/1910-Jose-Maria-Gras-365x588.png 365w, https:\/\/degras.cl\/wp-content\/uploads\/2019\/07\/1910-Jose-Maria-Gras-416x670.png 416w\" sizes=\"auto, (max-width: 530px) 100vw, 530px\" \/><div class=\"cs-content\"><div class=\"cs-layer\"><\/div><\/div><\/li> <li><img loading=\"lazy\" decoding=\"async\" width=\"530\" height=\"854\" src=\"https:\/\/degras.cl\/wp-content\/uploads\/2019\/07\/1940-Jose-Gras.png\" class=\"attachment-full size-full\" alt=\"\" srcset=\"https:\/\/degras.cl\/wp-content\/uploads\/2019\/07\/1940-Jose-Gras.png 530w, https:\/\/degras.cl\/wp-content\/uploads\/2019\/07\/1940-Jose-Gras-186x300.png 186w, https:\/\/degras.cl\/wp-content\/uploads\/2019\/07\/1940-Jose-Gras-365x588.png 365w, https:\/\/degras.cl\/wp-content\/uploads\/2019\/07\/1940-Jose-Gras-416x670.png 416w\" sizes=\"auto, (max-width: 530px) 100vw, 530px\" \/><div class=\"cs-content\"><div class=\"cs-layer\"><\/div><\/div><\/li> <li><img loading=\"lazy\" decoding=\"async\" width=\"530\" height=\"854\" src=\"https:\/\/degras.cl\/wp-content\/uploads\/2019\/11\/Historia-Eduardo-y-Hernan-1993.png\" class=\"attachment-full size-full\" alt=\"\" srcset=\"https:\/\/degras.cl\/wp-content\/uploads\/2019\/11\/Historia-Eduardo-y-Hernan-1993.png 530w, https:\/\/degras.cl\/wp-content\/uploads\/2019\/11\/Historia-Eduardo-y-Hernan-1993-186x300.png 186w, https:\/\/degras.cl\/wp-content\/uploads\/2019\/11\/Historia-Eduardo-y-Hernan-1993-365x588.png 365w, https:\/\/degras.cl\/wp-content\/uploads\/2019\/11\/Historia-Eduardo-y-Hernan-1993-416x670.png 416w\" sizes=\"auto, (max-width: 530px) 100vw, 530px\" \/><div class=\"cs-content\"><div class=\"cs-layer\"><\/div><\/div><\/li> <li><img loading=\"lazy\" decoding=\"async\" width=\"530\" height=\"854\" src=\"https:\/\/degras.cl\/wp-content\/uploads\/2019\/11\/Historia-Vinedo-Ninquen-1998.png\" class=\"attachment-full size-full\" alt=\"\" srcset=\"https:\/\/degras.cl\/wp-content\/uploads\/2019\/11\/Historia-Vinedo-Ninquen-1998.png 530w, https:\/\/degras.cl\/wp-content\/uploads\/2019\/11\/Historia-Vinedo-Ninquen-1998-186x300.png 186w, https:\/\/degras.cl\/wp-content\/uploads\/2019\/11\/Historia-Vinedo-Ninquen-1998-365x588.png 365w, https:\/\/degras.cl\/wp-content\/uploads\/2019\/11\/Historia-Vinedo-Ninquen-1998-416x670.png 416w\" sizes=\"auto, (max-width: 530px) 100vw, 530px\" \/><div class=\"cs-content\"><div class=\"cs-layer\"><\/div><\/div><\/li> <li><img loading=\"lazy\" decoding=\"async\" width=\"530\" height=\"854\" src=\"https:\/\/degras.cl\/wp-content\/uploads\/2019\/11\/Historia-Vinedo-Intriga-2005.png\" class=\"attachment-full size-full\" alt=\"\" srcset=\"https:\/\/degras.cl\/wp-content\/uploads\/2019\/11\/Historia-Vinedo-Intriga-2005.png 530w, https:\/\/degras.cl\/wp-content\/uploads\/2019\/11\/Historia-Vinedo-Intriga-2005-186x300.png 186w, https:\/\/degras.cl\/wp-content\/uploads\/2019\/11\/Historia-Vinedo-Intriga-2005-365x588.png 365w, https:\/\/degras.cl\/wp-content\/uploads\/2019\/11\/Historia-Vinedo-Intriga-2005-416x670.png 416w\" sizes=\"auto, (max-width: 530px) 100vw, 530px\" \/><div class=\"cs-content\"><div class=\"cs-layer\"><\/div><\/div><\/li> <li><img loading=\"lazy\" decoding=\"async\" width=\"530\" height=\"854\" src=\"https:\/\/degras.cl\/wp-content\/uploads\/2019\/11\/Historia-Vinedo-Amaral-2006.png\" class=\"attachment-full size-full\" alt=\"\" srcset=\"https:\/\/degras.cl\/wp-content\/uploads\/2019\/11\/Historia-Vinedo-Amaral-2006.png 530w, https:\/\/degras.cl\/wp-content\/uploads\/2019\/11\/Historia-Vinedo-Amaral-2006-186x300.png 186w, https:\/\/degras.cl\/wp-content\/uploads\/2019\/11\/Historia-Vinedo-Amaral-2006-365x588.png 365w, https:\/\/degras.cl\/wp-content\/uploads\/2019\/11\/Historia-Vinedo-Amaral-2006-416x670.png 416w\" sizes=\"auto, (max-width: 530px) 100vw, 530px\" \/><div class=\"cs-content\"><div class=\"cs-layer\"><\/div><\/div><\/li> <li><img loading=\"lazy\" decoding=\"async\" width=\"530\" height=\"854\" src=\"https:\/\/degras.cl\/wp-content\/uploads\/2019\/11\/Historia-Vinedo-Pumanque-2007.png\" class=\"attachment-full size-full\" alt=\"\" srcset=\"https:\/\/degras.cl\/wp-content\/uploads\/2019\/11\/Historia-Vinedo-Pumanque-2007.png 530w, https:\/\/degras.cl\/wp-content\/uploads\/2019\/11\/Historia-Vinedo-Pumanque-2007-186x300.png 186w, https:\/\/degras.cl\/wp-content\/uploads\/2019\/11\/Historia-Vinedo-Pumanque-2007-365x588.png 365w, https:\/\/degras.cl\/wp-content\/uploads\/2019\/11\/Historia-Vinedo-Pumanque-2007-416x670.png 416w\" sizes=\"auto, (max-width: 530px) 100vw, 530px\" \/><div class=\"cs-content\"><div class=\"cs-layer\"><\/div><\/div><\/li> <li><img loading=\"lazy\" decoding=\"async\" width=\"530\" height=\"854\" src=\"https:\/\/degras.cl\/wp-content\/uploads\/2019\/11\/Historia-Vina-numero-10-2013.png\" class=\"attachment-full size-full\" alt=\"\" srcset=\"https:\/\/degras.cl\/wp-content\/uploads\/2019\/11\/Historia-Vina-numero-10-2013.png 530w, https:\/\/degras.cl\/wp-content\/uploads\/2019\/11\/Historia-Vina-numero-10-2013-186x300.png 186w, https:\/\/degras.cl\/wp-content\/uploads\/2019\/11\/Historia-Vina-numero-10-2013-365x588.png 365w, https:\/\/degras.cl\/wp-content\/uploads\/2019\/11\/Historia-Vina-numero-10-2013-416x670.png 416w\" sizes=\"auto, (max-width: 530px) 100vw, 530px\" \/><div class=\"cs-content\"><div class=\"cs-layer\"><\/div><\/div><\/li> <li><img loading=\"lazy\" decoding=\"async\" width=\"530\" height=\"854\" src=\"https:\/\/degras.cl\/wp-content\/uploads\/2019\/07\/2017-Rodrigo-Gras.png\" class=\"attachment-full size-full\" alt=\"\" srcset=\"https:\/\/degras.cl\/wp-content\/uploads\/2019\/07\/2017-Rodrigo-Gras.png 530w, https:\/\/degras.cl\/wp-content\/uploads\/2019\/07\/2017-Rodrigo-Gras-186x300.png 186w, https:\/\/degras.cl\/wp-content\/uploads\/2019\/07\/2017-Rodrigo-Gras-365x588.png 365w, https:\/\/degras.cl\/wp-content\/uploads\/2019\/07\/2017-Rodrigo-Gras-416x670.png 416w\" sizes=\"auto, (max-width: 530px) 100vw, 530px\" \/><div class=\"cs-content\"><div class=\"cs-layer\"><\/div><\/div><\/li> <li><img loading=\"lazy\" decoding=\"async\" width=\"530\" height=\"854\" src=\"https:\/\/degras.cl\/wp-content\/uploads\/2019\/11\/Historia-Relanzamiento-2019.png\" class=\"attachment-full size-full\" alt=\"\" srcset=\"https:\/\/degras.cl\/wp-content\/uploads\/2019\/11\/Historia-Relanzamiento-2019.png 530w, https:\/\/degras.cl\/wp-content\/uploads\/2019\/11\/Historia-Relanzamiento-2019-186x300.png 186w, https:\/\/degras.cl\/wp-content\/uploads\/2019\/11\/Historia-Relanzamiento-2019-365x588.png 365w, https:\/\/degras.cl\/wp-content\/uploads\/2019\/11\/Historia-Relanzamiento-2019-416x670.png 416w\" sizes=\"auto, (max-width: 530px) 100vw, 530px\" \/><div class=\"cs-content\"><div class=\"cs-layer\"><\/div><\/div><\/li><\/ul><\/div>[vc_empty_space height=&#8221;50px&#8221; css=&#8221;.vc_custom_1569963791500{margin-top: 50px !important;}&#8221;][\/vc_column][\/vc_row][vc_row][vc_column width=&#8221;1\/4&#8243;][\/vc_column][vc_column width=&#8221;1\/2&#8243;][vc_column_text]El mundo est\u00e1 cada d\u00eda m\u00e1s complejo.<br \/>\nQu\u00e9 duda cabe.<br \/>\nAntes uno ped\u00eda un t\u00e9 y la pregunta de vuelta era: \u201c\u00bfcon o sin\u00a0az\u00facar?\u201d<br \/>\nAhora es: \u00bft\u00e9 verde?, \u00bft\u00e9 blanco?, \u00bft\u00e9 negro?, \u00bft\u00e9 de menta?,<br \/>\n\u00bft\u00e9 hibisco?, \u00bft\u00e9 oolong?<\/p>\n<p>O los amigos,<br \/>\nantes se reun\u00edan para discutir y arreglar el mundo cada vez que\u00a0pod\u00edan\u2026<br \/>\nAhora las conversaciones se dan frente a una pantalla, con la\u00a0promesa de \u201cjunt\u00e9monos pronto\u201d.<\/p>\n<p>Es verdad, el mundo est\u00e1 cada d\u00eda m\u00e1s complejo.<\/p>\n<p>Al igual que el vino.<br \/>\nUna de las bebidas m\u00e1s antiguas de la historia,<br \/>\ny que seguramente por m\u00e1s tiempo ha estado en los paladares\u00a0del mundo,<br \/>\nes quiz\u00e1s una de las m\u00e1s complejas de entender.<\/p>\n<p>Pasando de generaci\u00f3n en generaci\u00f3n,<br \/>\nEs una bebida que ha ido cambiando su rol en la vida de las personas sin\u00a0perder la esencia de su origen:<br \/>\nla tradici\u00f3n de miles de a\u00f1os.<\/p>\n<p>La variedad de vi\u00f1as, marcas, tipos j\u00f3venes o a\u00f1ejos, cepas, terroirs,<br \/>\ngraduaciones \u201ctranquilas\u201d o \u201cgenerosas\u201d, colores, sabores y aromas;<br \/>\nque no es lo mismo que bouquet&#8230;<br \/>\n\u2026nos abruma.<br \/>\nEspecialmente a quienes saben poco de vino.<br \/>\nQue son la inmensa mayor\u00eda de las personas.<br \/>\nEn simple, el vino nos acompa\u00f1a en los buenos momentos.<\/p>\n<p>O en una rica conversaci\u00f3n.<br \/>\nLo compartimos con los amigos.<br \/>\nY tiende puentes entre desconocidos.<\/p>\n<p>Y esas situaciones son las que finalmente pasan\u00a0a ser tradiciones.<br \/>\nComo familia, los Gras, llevamos las tradiciones en la sangre:<br \/>\nm\u00e1s de un siglo creando vinos de calidad, que expresen la visi\u00f3n y pasi\u00f3n\u00a0de cuatro generaciones.<br \/>\nVinos simplemente ricos desde siempre,\u00a0sin pretensiones ni complicaciones.<\/p>\n<p>Gracias a nuestro precursor, Jos\u00e9 Mar\u00eda Gras \u201cEl Gringo\u201d.<br \/>\nProveniente de Barcelona, lleg\u00f3 a Santa Cruz a principios del siglo XX.<\/p>\n<p>Jos\u00e9 Mar\u00eda Gras ten\u00eda un toque muy personal: pasaba horas acariciando<br \/>\nlas parras, conversando con ellas.<br \/>\nEsto m\u00e1gicamente produjo parras generosas y las mejores uvas.<br \/>\nLejos de crear vinos sofisticados, \u201cEl Gringo\u201d en sus propias palabras<br \/>\nbusc\u00f3 crear \u201cvinos que alegren el coraz\u00f3n\u201d.<br \/>\nCercanos.<br \/>\nF\u00e1ciles de tomar.<br \/>\nY de apreciar.<\/p>\n<p>Hoy, d\u00e9cadas despu\u00e9s y en busca de perpetuar la memoria de nuestro\u00a0antepasado,<br \/>\nnace de Gras.<br \/>\nUn vino simplemente rico.<br \/>\nConvertido en una tradici\u00f3n que refleja ese lazo de amor entre\u00a0Jos\u00e9 Mar\u00eda y las uvas.<\/p>\n<p>En homenaje a este Catal\u00e1n quien gracias a su visi\u00f3n<br \/>\ncre\u00f3 vinos que maravillan a personas del mundo.<br \/>\nde Gras ahora est\u00e1 con nosotros para disfrutarse.<br \/>\nPara traspasarnos esa tradici\u00f3n.<\/p>\n<p>Porque sabemos que m\u00e1s que tomar historia,<br \/>\nla gente quiere tomar un rico vino.<br \/>\nAs\u00ed de simple.<br \/>\nde Gras.[\/vc_column_text][vc_empty_space height=&#8221;50px&#8221; css=&#8221;.vc_custom_1569963791500{margin-top: 50px !important;}&#8221;][\/vc_column][vc_column width=&#8221;1\/4&#8243;][\/vc_column][\/vc_row][vc_row][vc_column]<div class=\"unero-banners-carousel \"><ul id=\"banners-carousel-69e00ee5b52ba\"><li><img loading=\"lazy\" decoding=\"async\" width=\"530\" height=\"854\" src=\"https:\/\/degras.cl\/wp-content\/uploads\/2019\/11\/Botella-de-Gras-Varietal-2003.png\" class=\"attachment-full size-full\" alt=\"\" srcset=\"https:\/\/degras.cl\/wp-content\/uploads\/2019\/11\/Botella-de-Gras-Varietal-2003.png 530w, https:\/\/degras.cl\/wp-content\/uploads\/2019\/11\/Botella-de-Gras-Varietal-2003-186x300.png 186w, https:\/\/degras.cl\/wp-content\/uploads\/2019\/11\/Botella-de-Gras-Varietal-2003-365x588.png 365w, https:\/\/degras.cl\/wp-content\/uploads\/2019\/11\/Botella-de-Gras-Varietal-2003-416x670.png 416w\" sizes=\"auto, (max-width: 530px) 100vw, 530px\" \/><div class=\"cs-content\"><div class=\"cs-layer\"><a href=\"http:\/\/prev.degras.cl\/producto\/founders-collection\/\" class=\"link\" > <\/a><\/div><\/div><\/li> <li><img loading=\"lazy\" decoding=\"async\" width=\"530\" height=\"854\" src=\"https:\/\/degras.cl\/wp-content\/uploads\/2019\/11\/Botella-de-Gras-Reserva-2003.png\" class=\"attachment-full size-full\" alt=\"\" srcset=\"https:\/\/degras.cl\/wp-content\/uploads\/2019\/11\/Botella-de-Gras-Reserva-2003.png 530w, https:\/\/degras.cl\/wp-content\/uploads\/2019\/11\/Botella-de-Gras-Reserva-2003-186x300.png 186w, https:\/\/degras.cl\/wp-content\/uploads\/2019\/11\/Botella-de-Gras-Reserva-2003-365x588.png 365w, https:\/\/degras.cl\/wp-content\/uploads\/2019\/11\/Botella-de-Gras-Reserva-2003-416x670.png 416w\" sizes=\"auto, (max-width: 530px) 100vw, 530px\" \/><div class=\"cs-content\"><div class=\"cs-layer\"><a href=\"http:\/\/prev.degras.cl\/producto\/family-reserve\/\" class=\"link\" > <\/a><\/div><\/div><\/li> <li><img loading=\"lazy\" decoding=\"async\" width=\"530\" height=\"854\" src=\"https:\/\/degras.cl\/wp-content\/uploads\/2019\/11\/Botellas-de-Gras-Varietal-2013.png\" class=\"attachment-full size-full\" alt=\"\" srcset=\"https:\/\/degras.cl\/wp-content\/uploads\/2019\/11\/Botellas-de-Gras-Varietal-2013.png 530w, https:\/\/degras.cl\/wp-content\/uploads\/2019\/11\/Botellas-de-Gras-Varietal-2013-186x300.png 186w, https:\/\/degras.cl\/wp-content\/uploads\/2019\/11\/Botellas-de-Gras-Varietal-2013-365x588.png 365w, https:\/\/degras.cl\/wp-content\/uploads\/2019\/11\/Botellas-de-Gras-Varietal-2013-416x670.png 416w\" sizes=\"auto, (max-width: 530px) 100vw, 530px\" \/><div class=\"cs-content\"><div class=\"cs-layer\"><\/div><\/div><\/li> <li><img loading=\"lazy\" decoding=\"async\" width=\"530\" height=\"854\" src=\"https:\/\/degras.cl\/wp-content\/uploads\/2019\/11\/Botellas-de-Gras-Reserva-2013.png\" class=\"attachment-full size-full\" alt=\"\" srcset=\"https:\/\/degras.cl\/wp-content\/uploads\/2019\/11\/Botellas-de-Gras-Reserva-2013.png 530w, https:\/\/degras.cl\/wp-content\/uploads\/2019\/11\/Botellas-de-Gras-Reserva-2013-186x300.png 186w, https:\/\/degras.cl\/wp-content\/uploads\/2019\/11\/Botellas-de-Gras-Reserva-2013-365x588.png 365w, https:\/\/degras.cl\/wp-content\/uploads\/2019\/11\/Botellas-de-Gras-Reserva-2013-416x670.png 416w\" sizes=\"auto, (max-width: 530px) 100vw, 530px\" \/><div class=\"cs-content\"><div class=\"cs-layer\"><\/div><\/div><\/li> <li><img loading=\"lazy\" decoding=\"async\" width=\"530\" height=\"854\" src=\"https:\/\/degras.cl\/wp-content\/uploads\/2019\/11\/Botella-de-Gras-Estate-2018.png\" class=\"attachment-full size-full\" alt=\"\" srcset=\"https:\/\/degras.cl\/wp-content\/uploads\/2019\/11\/Botella-de-Gras-Estate-2018.png 530w, https:\/\/degras.cl\/wp-content\/uploads\/2019\/11\/Botella-de-Gras-Estate-2018-186x300.png 186w, https:\/\/degras.cl\/wp-content\/uploads\/2019\/11\/Botella-de-Gras-Estate-2018-365x588.png 365w, https:\/\/degras.cl\/wp-content\/uploads\/2019\/11\/Botella-de-Gras-Estate-2018-416x670.png 416w\" sizes=\"auto, (max-width: 530px) 100vw, 530px\" \/><div class=\"cs-content\"><div class=\"cs-layer\"><\/div><\/div><\/li> <li><img loading=\"lazy\" decoding=\"async\" width=\"530\" height=\"854\" src=\"https:\/\/degras.cl\/wp-content\/uploads\/2019\/11\/Botellas-de-Gras-Reserva-2018.png\" class=\"attachment-full size-full\" alt=\"\" srcset=\"https:\/\/degras.cl\/wp-content\/uploads\/2019\/11\/Botellas-de-Gras-Reserva-2018.png 530w, https:\/\/degras.cl\/wp-content\/uploads\/2019\/11\/Botellas-de-Gras-Reserva-2018-186x300.png 186w, https:\/\/degras.cl\/wp-content\/uploads\/2019\/11\/Botellas-de-Gras-Reserva-2018-365x588.png 365w, https:\/\/degras.cl\/wp-content\/uploads\/2019\/11\/Botellas-de-Gras-Reserva-2018-416x670.png 416w\" sizes=\"auto, (max-width: 530px) 100vw, 530px\" \/><div class=\"cs-content\"><div class=\"cs-layer\"><\/div><\/div><\/li> <li><img loading=\"lazy\" decoding=\"async\" width=\"530\" height=\"854\" src=\"https:\/\/degras.cl\/wp-content\/uploads\/2019\/11\/Botellas-de-Gras-Family-Reserve-2018.png\" class=\"attachment-full size-full\" alt=\"\" srcset=\"https:\/\/degras.cl\/wp-content\/uploads\/2019\/11\/Botellas-de-Gras-Family-Reserve-2018.png 530w, https:\/\/degras.cl\/wp-content\/uploads\/2019\/11\/Botellas-de-Gras-Family-Reserve-2018-186x300.png 186w, https:\/\/degras.cl\/wp-content\/uploads\/2019\/11\/Botellas-de-Gras-Family-Reserve-2018-365x588.png 365w, https:\/\/degras.cl\/wp-content\/uploads\/2019\/11\/Botellas-de-Gras-Family-Reserve-2018-416x670.png 416w\" sizes=\"auto, (max-width: 530px) 100vw, 530px\" \/><div class=\"cs-content\"><div class=\"cs-layer\"><\/div><\/div><\/li> <li><img loading=\"lazy\" decoding=\"async\" width=\"530\" height=\"854\" src=\"https:\/\/degras.cl\/wp-content\/uploads\/2019\/11\/Botellas-de-Gras-Founders-Collection-2018.png\" class=\"attachment-full size-full\" alt=\"\" srcset=\"https:\/\/degras.cl\/wp-content\/uploads\/2019\/11\/Botellas-de-Gras-Founders-Collection-2018.png 530w, https:\/\/degras.cl\/wp-content\/uploads\/2019\/11\/Botellas-de-Gras-Founders-Collection-2018-186x300.png 186w, https:\/\/degras.cl\/wp-content\/uploads\/2019\/11\/Botellas-de-Gras-Founders-Collection-2018-365x588.png 365w, https:\/\/degras.cl\/wp-content\/uploads\/2019\/11\/Botellas-de-Gras-Founders-Collection-2018-416x670.png 416w\" sizes=\"auto, (max-width: 530px) 100vw, 530px\" \/><div class=\"cs-content\"><div class=\"cs-layer\"><\/div><\/div><\/li><\/ul><\/div>[vc_empty_space height=&#8221;50px&#8221; css=&#8221;.vc_custom_1569963791500{margin-top: 50px !important;}&#8221;][\/vc_column][\/vc_row][vc_row full_width=&#8221;stretch_row_content_no_spaces&#8221;][vc_column]<div class=\"unero-sliders  style-1 full-width no-preloader\"><ul id=\"unero-sliders-69e00ee5b55be\"><li><div class=\"featured-img\" style=\"background-image: url(https:\/\/degras.cl\/wp-content\/uploads\/2019\/10\/De-Gras-Brindis.png)\"><\/div><div class=\"cs-content text-right\"><div class=\"container\"><div class=\"cs-layer\"><\/div><\/div><\/div><\/li><\/ul><\/div>[\/vc_column][\/vc_row]<\/p>","protected":false},"excerpt":{"rendered":"<p>[vc_row][vc_column width=&#8221;1\/2&#8243;][vc_custom_heading text=&#8221;Desde su llegada a Chile, hace m\u00e1s de un siglo, desde su nativa Barcelona Espa\u00f1a, la familia Gras ha estado trabajando para producir vinos de los mejores terroirs&hellip;<\/p>\n","protected":false},"author":1,"featured_media":0,"parent":0,"menu_order":0,"comment_status":"closed","ping_status":"closed","template":"","meta":{"footnotes":""},"class_list":["post-3658","page","type-page","status-publish","hentry"],"_links":{"self":[{"href":"https:\/\/degras.cl\/index.php?rest_route=\/wp\/v2\/pages\/3658","targetHints":{"allow":["GET"]}}],"collection":[{"href":"https:\/\/degras.cl\/index.php?rest_route=\/wp\/v2\/pages"}],"about":[{"href":"https:\/\/degras.cl\/index.php?rest_route=\/wp\/v2\/types\/page"}],"author":[{"embeddable":true,"href":"https:\/\/degras.cl\/index.php?rest_route=\/wp\/v2\/users\/1"}],"replies":[{"embeddable":true,"href":"https:\/\/degras.cl\/index.php?rest_route=%2Fwp%2Fv2%2Fcomments&post=3658"}],"version-history":[{"count":43,"href":"https:\/\/degras.cl\/index.php?rest_route=\/wp\/v2\/pages\/3658\/revisions"}],"predecessor-version":[{"id":4109,"href":"https:\/\/degras.cl\/index.php?rest_route=\/wp\/v2\/pages\/3658\/revisions\/4109"}],"wp:attachment":[{"href":"https:\/\/degras.cl\/index.php?rest_route=%2Fwp%2Fv2%2Fmedia&parent=3658"}],"curies":[{"name":"wp","href":"https:\/\/api.w.org\/{rel}","templated":true}]}}